66134/12 composite?
True
Suppose 5 = 2*d + 5*p, 7 + 6 = 3*d + 2*p. Suppose -10 = -d*f - 0. Suppose -f*w = -2187 - 1759. Is w a composite number?
False
Let d(f) be the second derivative of -28*f**3/3 - 19*f**2/2 - 2*f + 3. Is d(-13) a composite number?
False
Let v = 524 + -530. Let m(u) = -40*u**3 + 9*u**2 - u - 19. Is m(v) prime?
True
Suppose -33*i = 8*i + 29*i - 7994490. Is i prime?
False
Suppose s - 74415 - 10231 = -17203. Is s composite?
True
Let s(p) = -132*p**2 + 2. Let z be s(-1). Let j be -4 + 5 - (-279 - -1). Let i = z + j. Is i a composite number?
False
Suppose -2*l + 18*a = 22*a - 2973162, -l + 1486616 = -5*a. Is l composite?
False
Let s be 5 + 18016/14 - 4/(-28). Let w = s + -777. Is w composite?
True
Let v(p) = 17419*p**3 + 2*p**2 + 94*p - 317. Is v(4) composite?
False
Let f(t) = 2*t**3 + 52*t**2 - 59*t + 13. Is f(30) a prime number?
False
Let z = -13385 - -15648. Is z prime?
False
Suppose 7*u + 70386 = 346359 + 38404. Is u a composite number?
True
Suppose x - 2*i - 10 = 0, 5*i + 24 = -3*x + 5*x. Suppose x = 3*m + 2*a, -20 = 4*a - 0*a. Suppose 0*c - 592 = -2*c + m*l, -3*l + 1493 = 5*c. Is c a prime number?
False
Let y(v) = v**2 + 10*v + 51. Let p be y(-8). Suppose -27*k - p = -34*k. Suppose -555 = -8*u + k*u. Is u composite?
True
Let v(y) = 5*y**3 - 15*y**2 - 9*y + 15. Suppose 0 = -4*w + 63 - 31. Is v(w) composite?
False
Let w = 46 - 34. Suppose 0 = w*a - 8*a - 16. Suppose -9051 = -5*m + 4*i, m - 8*i + a*i = 1823. Is m a prime number?
False
Let c(n) = 88394*n**3 + 5*n**2 - 5*n + 3. Is c(1) a composite number?
False
Let q = -41 - -54. Let c(r) = -r + 15. Let u be c(q). Suppose -358 = -g + a, 0 = -3*g - 2*g - u*a + 1769. Is g composite?
True
Let d(p) = 11*p**2 + 130*p + 166. Is d(69) composite?
False
Let u = 26185 + 25030. Is u prime?
False
Let o(u) = -77*u - 2. Let x be o(-3). Let g be -4*(-3)/(-90) - (-1352)/15. Let m = x - g. Is m a composite number?
False
Suppose -62601379 = 128*f - 355*f. Is f a prime number?
False
Is 1*(-3)/(-3)*47599 composite?
False
Let w(n) = -229*n**2 - n + 1. Let o be w(1). Let f = -47 - o. Suppose -2*y - f = -4*y. Is y composite?
True
Let p = 34112 + 6141. Is p a composite number?
False
Let n be 193/5 - 42/(-105). Let d = 59 + n. Suppose -3*g - 67 - 27 = -2*c, -2*c = -2*g - d. Is c a composite number?
False
Let d(x) = 76*x**2 - 6*x - 1. Let c(q) = 227*q**2 - 19*q - 5. Let z(g) = -2*c(g) + 7*d(g). Is z(2) a prime number?
True
Suppose -53 = 4*p - 117. Let m(o) = 5*o**2 - 4*o - 11. Is m(p) prime?
False
Suppose -4*d = -3*k + 1309003, -k + 553125 = 3*d + 116782. Is k a composite number?
True
Let s(d) = -594*d - 27 + 2 - 987*d - 917*d. Is s(-6) a composite number?
True
Suppose 19*l - 21*l - 36 = 0. Let i(j) = -760*j + 25. Is i(l) a composite number?
True
Let u = -190 - -146. Let x = u - -72. Suppose -x*n + 1998 = -10*n. Is n a composite number?
True
Suppose 3*m - r = -224, -4*m = -6*r + 2*r + 304. Let k = m - -72. Is 1/(0 - -3*k/(-9354)) composite?
False
Let q be (904 - (1 + -1)) + 4. Suppose 2*d = -0*d - 978. Let y = q + d. Is y a prime number?
True
Suppose -4*d + 16324 + 219217 = 3*n, 2*d = -3*n + 117763. Is d composite?
False
Suppose -2*l = 2*l. Suppose 1790 = 4*y + 5*b, -4*b - 428 = -y + 30. Suppose 3*x - 507 - y = l. Is x prime?
False
Suppose -30*p + 3019129 + 636530 = -2168571. Is p composite?
False
Let g be (-35)/(70/(-6)) - (0 + -13179)/3. Suppose 3*i + 3*q - 30 = 6*q, 3*i - 10 = -q. Suppose -w + i*w = g. Is w a prime number?
False
Suppose -g + 5*a + 408 = 0, 4*g = -0*a - a + 1716. Let t be (-4)/(-2) + (1 - -356). Let l = g + t. Is l composite?
False
Suppose 460 = 6*j - 1202. Let l = 962 - j. Is l prime?
False
Is 4*(-40)/(-128) + 1429134/8 a composite number?
False
Suppose 36*c = -280*c - 196*c + 212470784. Is c composite?
True
Let r(l) = l**3 - 132*l**2 + 767*l - 563. Is r(150) prime?
True
Suppose -32006 = -2*x - 4*p, -4*x - p - 12608 = -76599. Is x prime?
False
Let t = -22 - -25. Suppose -r + t = -0*r + w, -2*w = -r. Suppose -2*j + 2*g + 28 = 0, 2*j + 3*g - 56 = -r*j. Is j a composite number?
True
Let a = 15970 - -5923. Is a a prime number?
True
Suppose 236231 = 2*m - 2691851. Is m a prime number?
False
Suppose 2*w + 172733 = l, -3*l + 3*w + 330937 = -187274. Is l prime?
True
Let k be (-12)/(-72) - 435/18. Let p = k + 29. Suppose 2*y + 2518 = p*q, -3*y - 1190 = -5*q + 1332. Is q a composite number?
True
Suppose a = -5, w + 2*a = 14560 + 21723. Is w prime?
True
Let a be 1/(462/(-2542)*-11 - 2). Let b = a - -5932. Is b composite?
True
Let y be -4 - (6 - 16) - -12589. Suppose 0 = -s + q + 3286 + y, 31746 = 2*s + 2*q. Is s a composite number?
False
Suppose 107*r + 115701 = 108*r + 4*t, t = -2*r + 231367. Is r prime?
False
Suppose 12*z = 127218 + 320107 - 96193. Is z prime?
False
Suppose -3644*a = -3648*a + 831772. Is a a prime number?
False
Let o = 143 + -24. Let w(b) = 3*b**2 - 12*b + 370. Let d be w(0). Let p = d - o. Is p a prime number?
True
Suppose 4*t - 18527 = 37*w - 38*w, -4*w - 3*t = -74147. Is w a prime number?
True
Let i = 1353723 + -440996. Is i prime?
True
Let b = 987307 + -535208. Is b composite?
True
Suppose 5*o - 3266 = -1086. Let b(m) = 1773 + 40*m - o - 80*m + 35*m. Is b(0) composite?
True
Suppose -29*d + 832310 = -24*d - 5*g, 5*g = 4*d - 665853. Is d composite?
False
Let b be -3*(-6)/117 - 200/(-52). Suppose o - 4*a + 26 = 0, -b*o - 6*a + a + 1 = 0. Is (-37)/(3/o*2) a composite number?
False
Let m be ((-5)/(-2))/(7/14). Suppose -m*n = 5*i - 8730, 4*n + 5*i - 6612 = 367. Is n a composite number?
True
Suppose -73*z = -60*z + 4*d - 1517261, 0 = -4*z - 3*d + 466846. Is z a prime number?
False
Let b(d) = -13*d + 139. Let z be b(8). Suppose 0 = -z*f + 40*f - 173170. Is f a composite number?
True
Let y be -5 - (8/(-32) - 22507/4). Is y/7 + (-10)/70 composite?
True
Suppose 9*p - 8 = 7*p. Suppose -p*i + 2 = -6. Suppose -i*x = -3*w - 416, -2*x + 2*w - w + 420 = 0. Is x composite?
False
Let a be (3 + 360)/((-4)/(-20)). Let v = 3728 - a. Is v composite?
False
Let y(b) = 3*b**2. Let g be y(-1). Suppose 6*d - 23*d + 28475 = 0. Suppose g*i = -2*i + d. Is i prime?
False
Suppose 0 = -7*s + 10019 + 14628. Is s prime?
False
Let t = 462 + -474. Is (-17 - t)/((-1)/(-1)) - -3798 prime?
True
Suppose 81*a - 119 = 64*a. Suppose -a*b + 15144 = -6115. Is b a prime number?
True
Let j(r) = 348*r - 73. Let p(s) = s + 1. Let h(z) = j(z) + 2*p(z). Is h(5) a prime number?
False
Let o(g) = -g**3 - 7*g**2 - 7*g - 6. Let m be o(-6). Suppose 2*c - 5*c - a + 28473 = 0, m = 5*c - 5*a - 47455. Is c prime?
True
Suppose 0 = -12*j + 15*j - 2*w - 644269, -2*w + 429526 = 2*j. Is j prime?
True
Suppose 45*z - 6818153 - 8299488 = -32*z. Is z a composite number?
True
Suppose 0 = 2*h + 3 - 11. Suppose -2*q = -14*p + 12*p + 6, 0 = -5*p - 5*q + 25. Suppose p*o = -h*o + 952. Is o a composite number?
True
Let a(t) = -4*t**3 - 147*t**2 + 470*t + 59. Is a(-46) prime?
True
Let j = -37 + 125. Suppose -7*t = -11*t + j. Is t a prime number?
False
Let j(x) = 92*x - 5 + 239*x + 5 - 7. Is j(2) a composite number?
True
Suppose 0 = -4*h + 5*c - 73, 0 = -5*h - 5*c + 10 - 135. Let m = 22 + h. Suppose m*l + 2*l = 826. Is l a prime number?
False
Let j = -66086 - -145857. Is j prime?
False
Let g = 123 - 121. Suppose 0 = 3*p + g*r - 1980, r = 6*r + 15. Is p prime?
False
Suppose 0*x - 5*n = 4*x + 3, -2*x = -2*n - 12. Suppose -3216 = -3*v - 3*b, -4*b + 2142 = -v + x*v. Is v a prime number?
False
Let m(j) = 687526*j + 11669. Is m(5) a prime number?
False
Suppose -2*c - 4*p + 249918 = 0, -5*p = c - 46996 - 77975. Is c a composite number?
False
Let w(c) = -4*c + 41. Let q be w(8). Suppose -q*o = 1246 - 337. Let n = o + 734. Is n a prime number?
False
Let f be 64/144 + (-1184)/(-9). Is -43*((-1)/2)/(6/f) a prime number?
False
Let s(u) = 6*u + 7*u + 2897 + 7*u - 3*u + 2*u. Is s(0) prime?
True
Let w(k) = -3*k - 10. Let o be w(-4). Suppose 180 = 5*v + 5*a, v - o*v + 34 = -a. Let s = v + 18. Is s prime?
True
Let w(d) = 2512*d**2 + 21*d - 126. Is w(5) prime?
False
Suppose j = 3*x - 82771, 393*x - 3*j = 388*x + 137957. Is x composite?
True
Suppose 3*s - 8*s + 30 = 0. Let f(j) = 259*j + 24. Let x be f(s). Suppose -g + 7*g = x. Is g a composite number?
False
Suppose 0 = q + 4*l - 182611, -2*l = -5*q - 8*l + 913153. Is q a composite number?
False
Suppose 3*q + 4*d -